, 431
Suppose 0 = 4*t - 5*o - 23895, -422*t + 423*t = -5*o + 5955. What are the prime factors of t?
2, 3, 5, 199
Let k(z) = 36*z**3 + 2*z**2 + 11*z - 4. Let y be k(4). Suppose u + y = 2*o - 3*u, 0 = u. List the prime factors of o.
2, 3, 11
Let q(v) = v**3 + 8*v**2 + 12*v + 3. Let s be q(-6). Let i(f) = -f**s + 53 - 3*f + 0*f**3 - 46 - 4*f**2. List the prime factors of i(-6).
97
Suppose -q - 3*b = -0*b - 158, -2*q = -5*b - 316. Suppose j - 197 - q = 0. List the prime factors of j.
5, 71
Let q = 976 + 1423. What are the prime factors of q?
2399
Let y(p) = -9*p + 246. Let c be y(29). Let v = c - -829. List the prime factors of v.
2, 11, 37
Suppose -o + 2*u = 4*o + 400, -287 = 4*o + 5*u. Let p = 229 + o. List the prime factors of p.
151
List the prime factors of (6759 - -3) + 6*3/6.
3, 5, 11, 41
Let t(a) = -30*a + 4. Let b be t(-2). Let l = b + 21. Suppose 0 = 6*y + l - 367. What are the prime factors of y?
47
Suppose 2*o + 124 = -302. Let q = 519 + o. List the prime factors of q.
2, 3, 17
List the prime factors of 13354/110*(47 + -2).
3, 607
Let l = 58284 + -31903. List the prime factors of l.
23, 31, 37
Let v(w) = 3*w**2 + 2*w + 10. Let t be v(-4). Suppose -5*i - t = -5*d, 21 - 5 = 3*d + 4*i. Let k(z) = z**2 - 7*z + 10. List the prime factors of k(d).
2, 3
Suppose 0 = -241*a - 54*a + 204435. List the prime factors of a.
3, 7, 11
Let v(c) = c**3 + 6*c**2 - 14*c + 14. Suppose 3*p - 60 = -7*p. List the prime factors of v(p).
2, 181
Suppose -15 = 3*z - 33. Let i(f) = f**2 - 10*f + 24. Let b be i(z). Suppose -4*d + 372 = -2*o, 2*d = -b*d + 2*o + 188. What are the prime factors of d?
2, 23
Suppose -32*z + 67*z - 149170 = 0. What are the prime factors of z?
2, 2131
Suppose -4*b + 3*i - 47 = 0, 0*b + 36 = -2*b + 4*i. Let r(o) = -o**3 + 4*o**2 + 12*o + 19. List the prime factors of r(b).
691
Let c be 2 + (-39)/15 - (-5835)/(-25). Let b = c - -484. List the prime factors of b.
2, 5
Let b = 5382 + -875. What are the prime factors of b?
4507
What are the prime factors of (-14)/525 - (-50955324)/900?
11, 5147
Suppose 4*q - 183 - 485 = 0. Suppose -5*z = -5, -g = -3*g + 5*z - q. Let i = g - -219. What are the prime factors of i?
2, 3, 23
Suppose n + 3*g = 14 - 3, -n = -5*g - 11. Let c = n + -8. Suppose c*d = 382 - 97. List the prime factors of d.
5, 19
Let u(p) = -2860*p**3 - 7*p**2 + 12*p + 35. List the prime factors of u(-2).
3, 7621
Suppose 3*p + 57 = 123. What are the prime factors of (-16)/(-12)*(p*10 + -1)?
2, 73
Let j(h) = -3*h**3 - 16*h**2 - 12*h + 28. Let f be j(-10). Suppose -200*g + f = -196*g. List the prime factors of g.
3, 43
Suppose -117*y + 1541836 = 5*y. What are the prime factors of y?
2, 71, 89
Suppose -66*p + 332813 = -225415. What are the prime factors of p?
2, 4229
Let r be 4 + 2 + -1813 + -5. List the prime factors of 2/(6 - 3 - (-5428)/r).
3, 151
Let a(k) = 15*k + 19. Let s be a(7). Let b = s + -201. What are the prime factors of (44/b)/((-2)/7)?
2
Let g(f) = f**2 + 10*f - 37. Let y be g(-19). Let u = 352 + y. List the prime factors of u.
2, 3
Suppose 13*p - 95 = 48. What are the prime factors of p/((-4)/10 + (-88)/(-120))?
3, 11
Let l(d) be the third derivative of d**5/30 + d**4/4 - 7*d**3/3 + 18*d**2. Let o be l(-6). List the prime factors of 2270/o + 10/(-55).
103
Let r = 62904 - 15368. What are the prime factors of r?
2, 2971
Let m be -3 + 341 + 2 + 1 + 2. Suppose 5*g = 3*q - m, 2*q + 3*g + 593 = 7*q. What are the prime factors of q?
11
Let m(z) = z**3 + 26*z**2 + 46*z - 34. Let n be m(-24). List the prime factors of (-4)/(-8) - (-3199)/n.
229
Let g = 69 + -168. Let b = -87 - g. Suppose b*f + 297 = 15*f. List the prime factors of f.
3, 11
Let v be (-2718)/(-21) + 36/63. Let m be 1/(-2) + v/20. Suppose 3*d + 5*z = 262, m*z = d + 3*z - 78. List the prime factors of d.
2, 3, 7
Suppose -2100 = -m - 11*m. Suppose 2*i - 2*d - 728 = 0, -2*i + m + 553 = -5*d. List the prime factors of i.
2, 7, 13
Let o be 0*(0 - 1) - -123. Suppose -124 = -6*s - 26 + 28. Suppose s*k + o = 24*k. What are the prime factors of k?
41
Let x = 6436 + -1783. List the prime factors of x.
3, 11, 47
Let x(z) = -2*z**3 + z**2 + 19*z + 11294. What are the prime factors of x(0)?
2, 5647
Suppose -z = 2*z + w + 208, 4*z + 280 = -4*w. Let l be ((-2665)/(-164))/((-4)/(-96)*3). Let d = l + z. List the prime factors of d.
61
Let d be 0 + (-1 - -1)/2 - 2. What are the prime factors of -50*(d + 1)*5?
2, 5
Suppose -5711 = -8*v - 39. Suppose v = -47*l + 48*l. What are the prime factors of l?
709
Let x be (-20)/(-80) + (-341)/4. Let f = x - -90. Suppose 0*u + f = -u, 68 = b - 2*u. What are the prime factors of b?
2, 29
Let k be ((1 - 0) + 2)/((-7)/(-14)). Let l(m) = 179*m - 1. List the prime factors of l(k).
29, 37
Let i(y) = 5 - 10*y + 8 - 7. Let a be i(3). Let l = a + 66. What are the prime factors of l?
2, 3, 7
Suppose 6*v = 22*v - 52320. Let g = v - 1441. List the prime factors of g.
31, 59
Let b(z) = -3*z**2 - 2*z + 5. Suppose 4*h + 21 = 9, -g - 5*h - 15 = 0. Let o be b(g). Suppose 0 = -o*a - 123 + 463. What are the prime factors of a?
2, 17
List the prime factors of ((-1918)/(-35))/((-23)/(-15410)) + 1.
3, 12239
Suppose -5*p + 3*a = -117981, 0 = -2*p + 2*a + 16333 + 30853. What are the prime factors of p?
3, 7867
Let w be (-7530)/(-25) + (-4)/20. Suppose -81 = 5*k - w. List the prime factors of k.
2, 11
Suppose 0 = -6*u + 2*u - 4*c - 4, 0 = -5*u - 4*c. Suppose -26 = v - g - 4*g, 3*v + u*g = -2. What are the prime factors of (-999)/(-36)*(-16)/v?
2, 37
Let z = 450 + 956. Let m = -884 + z. What are the prime factors of m?
2, 3, 29
Let m(h) = -56*h + 1456. List the prime factors of m(-18).
2, 7, 11
Suppose -2*b - 48 = 42. Let w = 326 - b. List the prime factors of w.
7, 53
Let n(u) = 4*u - 46. Let p be n(14). Suppose -5*g + m - 1981 = -p*g, 0 = -4*g - m + 1585. List the prime factors of g.
2, 3, 11
What are the prime factors of (1/(-4))/(16/3392)*-163?
53, 163
Let h = 3525 - 1807. List the prime factors of h.
2, 859
Let i(q) = 2*q**3 + 274*q - 313*q + 26*q**2 + 0*q**3 - 29 - q**3. What are the prime factors of i(-27)?
5, 59
Suppose 5*d = 5*w - w - 69, -3 = -d. Let a(y) = -y**3 + 23*y**2 - 31*y + 30. List the prime factors of a(w).
3, 29
Suppose 2*c + 5780 = -8*c. Let j = c - -848. List the prime factors of j.
2, 3, 5
Let f = -990 + 1944. Let z = -216 + f. List the prime factors of z.
2, 3, 41
Let g be (57/9)/19 + 491/3. Suppose 0 = -3*c + 4*z + 160, 3*c + 0*z - g = 5*z. List the prime factors of c.
2, 3
Suppose 577*t - 76*t - 11184825 = 0. What are the prime factors of t?
5, 19, 47
Suppose -4*z = -2*x - 139 + 405, -z - 130 = -x. Let l = x - 91. Let g = -18 + l. List the prime factors of g.
2, 3
Suppose a - 90 = -17*a. Suppose -2*r + a*q - 4 = -18, -3*q = -5*r + 16. Suppose -r*d = -5*d - 4*f + 577, 5*d - 3*f = 923. List the prime factors of d.
11, 17
Let m(z) = -z**3 - 19*z**2 + 3*z + 41. Let u be m(-19). What are the prime factors of (-2708)/(-8) - 8/u?
3, 113
Let k(j) be the second derivative of -j**3/2 - 39*j**2/2 + 4*j. Let h be k(-13). Suppose -5*s - 5*v + 21 + 209 = h, v + 44 = s. List the prime factors of s.
3, 5
Suppose t + 5*m - 15 = 0, -2*t - 2 = -5*m + 13. Suppose -668 = -2*p - 5*s, 2*p + t*p - 684 = 3*s. List the prime factors of p.
3, 113
Let o(c) = -431*c + 205. List the prime factors of o(-14).
17, 367
Let g be (-12 - -1)*-1*(-10)/(-55). Suppose -7*o - 110 = -g*y - 6*o, -2*y + 122 = 5*o. What are the prime factors of y?
2, 7
Let w = -84219 + 122668. List the prime factors of w.
38449
Let p(w) = 41*w**2 + 147*w + 2280. List the prime factors of p(-33).
2, 3, 7013
Let p(a) = 3*a**2 + 75*a + 1021. List the prime factors of p(-34).
7, 277
Suppose -7*d + 227 = 59. Let p(x) = -17*x - 52 + 4*x + 6*x + 10*x. List the prime factors of p(d).
2, 5
Suppose 5*z - 2*j + 41 = -17, -20 = -5*j. List the prime factors of 962 + z/(10/7).
5, 191
Let t(j) = -3*j. Let u be t(-2). Let v be 2/u*((5 - 6) + 10). Suppose 2*f - 12 = -2, -321 = -4*y + v*f. What are the prime factors of y?
2, 3, 7
Let z = -7427 - -13858. What are the prime factors of z?
59, 109
Suppose -3*t = 6*t - 378. Suppose t*c = 20411 + 8569. List the prime factors of c.
2, 3, 5, 23
Let b be 0*((-32)/(-12) + -3). Suppose 27 = -y - 3*v, b = -3*y + 5*v - 48 - 47. Let g = y - -68. What are the prime factors of g?
2, 19
L